s(13).
-3
Suppose -235*i - 1278 + 5274 = -2233*i. Let h(r) = 2 - 3*r + 2 + 0. What is h(i)?
10
Let h be (-12 - -19)*(-8)/14. Let o(f) = f**2 + 3*f + 19. Give o(h).
23
Let r(n) = n**3 - 5*n**2 + 3*n - 1. Let o(b) = -b**2 - b + 8. Let s be o(-3). Suppose -5 = -y, v + 0*y = s*y - 1. Suppose 0 = 10*m - v*m - 2. Calculate r(m).
-7
Let m(y) be the third derivative of -y**6/15 - y**5/15 + y**4/4 + 4*y**3/3 - y**2 + 105. Determine m(-3).
170
Let i(d) = d**2 - 6*d - 2. Suppose 145 = -20*f + 185. Let b = 0 + 0. Suppose b = 3*l - c - 19, 3*l - f*c = -4*c + 7. What is i(l)?
-7
Suppose -9*p = -540 + 657. Let a(g) = g**2 + 16*g - 19 + 35 + 26. Let j be a(p). Let n(d) = -d - 3. What is n(j)?
-6
Let o(n) be the second derivative of 1/3*n**4 - 1/2*n**2 - 14*n - 1/6*n**3 - 2. Calculate o(-3).
38
Let g(b) = -6*b + 15. Let m be g(8). Let r = m - -38. Let c(x) = -8 - 6*x + 8 + r*x. What is c(0)?
0
Let a(s) be the third derivative of -1/6*s**3 + 1/24*s**4 + 1/30*s**5 + 0*s - 239*s**2 + 0. Calculate a(1).
2
Let h = 35 - 27. Suppose 2*q - 160 = -h*q. Let z be -4 - (0 - q/4). Let s(d) = d + 16. What is s(z)?
16
Let u = -22 - -22. Suppose 5*c = 3*g - 34, u*g + 3*c + 30 = 5*g. Let w(p) = -12 - 18 + 25 - 8*p - p**g - 8*p**2. What is w(-7)?
2
Let i(n) = 52*n**3 + 417*n**2 + 11*n + 5. Let s be i(-8). Let g(t) = -8*t - 149. Give g(s).
3
Let h(f) = -f**2 + f + 4. Suppose -6*o - 3*l = -o - 90, -3*o = 3*l - 48. Let p(m) = -2*m - 5. Let r be p(-5). Suppose -r*g - 6 + o = 0. Determine h(g).
-2
Let p be (-325)/65 - (-3)/(-1). Let s(l) = -4*l**2 + 13*l + 12. Let c(k) = 5*k**2 - 14*k - 14. Let z(x) = 5*c(x) + 6*s(x). Determine z(p).
2
Let i(k) be the first derivative of k**2/2 - 6*k + 5989. Suppose -16 = -4*g + 4*w, g - 5*g = -3*w - 12. Give i(g).
-6
Let d(b) = -2*b**2 - 179*b - 688. Let a be d(-4). Let c(j) = -11*j + 4. Give c(a).
48
Let v(u) = 68 + 26*u + u**3 - 108 - 3*u + 63 + 9*u**2. Give v(-5).
8
Let j(v) be the first derivative of v**2/2 + 13*v + 1140. Determine j(0).
13
Let d(m) = m**3 - 4*m**2 + 7. Let r = -68 - -73. Let k be d(r). Let p(z) = 25*z + k*z - 4 - 59*z. Calculate p(-3).
2
Let v(b) = -b**3 - 5*b**2 + 6*b + 4. Suppose 0 = 3*r + 5*m - 55, 2*r - 39 = 8*m - 9*m. Let x be 9/(135/r)*(-9)/2. Determine v(x).
4
Let r(x) be the first derivative of x**6/120 - x**5/30 - x**4/6 + x**3/6 - 19*x**2 - 43. Let g(z) be the second derivative of r(z). Calculate g(3).
-2
Suppose -5*v - 2*c - 4 = -11, v + c = -1. Let q(j) = 8*j**2 + 102*j + 8 - j**v - 201*j + 108*j. What is q(9)?
8
Let n(b) = b**3 - 3*b**2 - 2*b + 2. Suppose -7*v + 0 + 21 = 0. Calculate n(v).
-4
Suppose -2*g - 4*f + 19 = g, f = -2. Suppose g*d - 7 = 2. Suppose -h + 2 = -d. Let k(p) = -2*p**2 + 3*p - 1. What is k(h)?
-10
Let d(h) = -h + 2. Let p(q) = 8 - 14 + 8*q + 0 - q**2. Let o be p(3). What is d(o)?
-7
Let x(m) = m**3 - 5*m**2 - 7*m - 14. Let t be (-1 + -2*1)/(-78 + 5580/72). Give x(t).
-20
Suppose 766*b - 753*b = -13. Let k(o) = -o**3 + 2*o**2 + 4*o + 2. What is k(b)?
1
Let n(w) = w + 8. Suppose 0 = -87*h - 262 + 1393. Give n(h).
21
Let j(r) = -r. Let h(n) = -3*n + 15. Let m(i) = -h(i) + 5*j(i). Suppose -c + 60*k - 54*k = 38, -1 = -3*c - 5*k. Give m(c).
1
Suppose -2*y + x = -0*y - 23, -5*x - 61 = -4*y. Let h = -178 + 176. Let b be h/y - 114/(-27). Let v(o) = o**2 - 2*o - 2. Calculate v(b).
6
Suppose -8*p = -165 - 11. Suppose p*j = 21*j - 21. Let i = j - -20. Let c(l) = -6*l**2 - 1. What is c(i)?
-7
Let o(j) be the third derivative of -j**5/30 - j**4/24 - j**3/2 - 52*j**2 - 2*j. Let a = -171 + 174. What is o(a)?
-24
Suppose -63*t + 780 - 24 = 0. Let a(p) = -12*p - 8 + 14*p - 10 - 8. Give a(t).
-2
Let z(q) be the second derivative of q**5/20 + q**4/6 - q**3/6 + 13*q**2/2 - 3582*q. Determine z(-4).
-15
Let g(j) = 13*j - 54. Let h be g(5). Let i(d) = -d**3 - 9*d - 10 - 9*d**2 + 10 - h - 5*d + 3*d. Let q be (-116)/14 + (-2)/(-7). What is i(q)?
13
Let m(s) = s**3 + 13*s**2 + 5*s + 114. Let x be m(-13). Let a(p) = p**2 - 49*p - 3. Calculate a(x).
-3
Let i(h) be the first derivative of -h**4/4 - 7*h**3/3 + h**2/2 + 12*h - 3284. Give i(-5).
-43
Let l(a) = -23*a + 6. Let m(y) = -9*y + 3. Let b(k) = 2*l(k) - 5*m(k). Let n(c) = -3*c - 8. Let d(o) = 8*b(o) - 3*n(o). Give d(2).
2
Let v(z) = 13*z**2 - 838*z - 920*z + 1763*z + 2*z**3 - 7. Calculate v(-6).
-1
Let g(b) = -22690*b**3 + b**2 - 2 + 11339*b**3 + 11344*b**3. Give g(-2).
58
Let j(m) = -163*m**2 + 14*m + 77. Let u(g) = -61*g**2 + 5*g + 25. Let t(o) = -3*j(o) + 8*u(o). Give t(10).
49
Let a(d) = -4*d + 115. Let b be a(28). Let c(i) = -i + b*i + 3*i - 3*i - 4. What is c(7)?
10
Let x(h) = h**3 + 6*h**2 + 5*h + 7. Let f(j) = -2*j**3 + 4*j**2 + 7. Let d be f(3). Let s be (-1)/(0/1 - d/55). Give x(s).
7
Suppose -7*c + 5*o + 33 = -20, 14 = c - 2*o. Let d(i) = i**3 - 6*i**2 + 13*i - 14. Give d(c).
6
Let b(u) = -120*u + u**2 + 0*u**2 + 59*u + 60*u. Let s be ((-3)/6)/((-1)/(-2)). Give b(s).
2
Let y(g) = -127*g - 268. Let c(v) = -608*v - 1338. Let l(h) = -5*c(h) + 24*y(h). Give l(33).
-6
Suppose 31*y - 33*y + 152 = 0. Suppose -z + y - 3 = 0. Let a = z - 77. Let s(i) = i + 3. Determine s(a).
-1
Let h(c) = -c**2 - 7*c - 5. Let p be h(-6). Let f be 10/(50/35) + -5. Let u(m) = -2 + 2*m - f + 2 - 4*m + 1. Determine u(p).
-3
Let p(n) = -3 - 56*n**3 + 55*n**3 - 3*n**2 - 315012*n + 315007*n. Determine p(-2).
3
Let j be 0/(-1) - -1 - 60/(-30). Let f be 14 + (-14)/(-6) + 8/12. Suppose 14*i = f - j. Let q(a) = 8*a - 1. Calculate q(i).
7
Let x(h) = -h**3 - 4*h**2 + 3*h + 10. Let z(w) = -22*w + 53. Let v be z(2). Suppose -2*a - 8 = -k, -v = 3*a + 5*k + 3. Give x(a).
-2
Let p(z) be the third derivative of -z**6/15 - z**5/20 - z**4/24 + z**3/3 + 793*z**2. What is p(-2)?
56
Suppose -42*z - 37 - 19 = -14*z. Let g(x) = x**3 + 4*x**2 + 8*x + 11. Determine g(z).
3
Let f(l) = l**2 - 15*l + 39. Let u(j) = -j**2 + 42*j - 144. Let w be u(38). Calculate f(w).
-17
Let d(b) = b**2 + 50*b + 575. Let f be -25 - (-2*1/4)/(4/(-56)). What is d(f)?
-1
Let s = -11641 + 11643. Let t(w) be the third derivative of 0*w - 1/6*w**3 + 4*w**s + 1/4*w**4 + 1/60*w**5 + 0. Give t(-7).
6
Let k(d) = -d**3 + 12*d**2 - 10*d - 14. Let i be k(11). Let m(j) = -2*j**2 - j - 1. Let q(a) = -5*a**2 - 2*a - 1. Let s(p) = -4*m(p) + q(p). What is s(i)?
24
Let q(u) = -50310 + 12*u + 3*u**2 - 4*u**2 + 50296. What is q(10)?
6
Let z(k) = -k**2 + 15*k - 22. Suppose 12*q = 3*b + 17*q - 21, -4*b = 5*q - 28. Suppose -3*l = r - 25, -64 = -4*r + 4*l - b*l. Determine z(r).
4
Suppose 0 = -2*k - o + 354 - 129, -5*k - 5*o = -565. Let p(t) = 119 + t - 231 + k. Suppose -12 + 4 = 3*d - h, -d - 20 = 4*h. What is p(d)?
-4
Let k(c) = 207*c**2 - 206*c**2 + 19*c - 1 - 23*c. Give k(0).
-1
Suppose -5*n + 2*n - 9 = 0, -4*q - 3 = 5*n. Suppose q*y = -0*y + 2*y. Let i(c) = c**3 + c**2 + c + 1. What is i(y)?
1
Let d(a) = -a**2 + 9*a + 6. Let r(q) = -3*q**2 + 2*q - 3. Let f be r(3). Let l = -17 - f. Determine d(l).
20
Let n be (-14)/3*9/3. Let h(g) = -997*g**2 - 8*g + 10. Let j(r) = 1662*r**2 + 18*r - 20. Let f(z) = -5*h(z) - 3*j(z). What is f(n)?
10
Suppose -5*u = -r - 17 + 40, -u - 3 = 0. Suppose -16 = -2*o + 5*c, 3*c + r = -4*o - 12. Let y(a) = -4*a + 10*a + 1 + a + 4*a. Determine y(o).
-21
Let j(r) = r**2 + 31*r + 154. Suppose -157*u - 19*u - 1056 = 0. What is j(u)?
4
Let f = 140 + -136. Suppose -38 = s + f*s - 4*z, s + 4*z - 2 = 0. Let t(x) = -x**2 - 6*x - 4. Determine t(s).
-4
Let k(d) = 6*d**2 - 213*d - 115. Let g(h) = h**2 - 36*h - 18. Let c(u) = -25*g(u) + 4*k(u). What is c(48)?
-10
Let c(z) = 7 + 3 + 5 - 12 + z - 1 - 5*z**3. Calculate c(-3).
134
Let g = 675 + -673. Let z(s) = -2*s**g - 185 + 188 - 7*s + s**2. Determine z(-4).
15
Suppose -6*p = -28*p + 13*p + 7*p. Let y(i) = -3*i + 4. Give y(p).
4
Let k(l) = -l**2 - l - 8. Suppose -3*i + 7*i - 12 = 0. Let d be -3 + i + (1 - 1). What is k(d)?
-8
Let n(v) = -7*v - 10. Suppose -2*j + 30 = 2*x, -2*x + 35 = 3*x - 5*j. Let t(o) = 19*o + 30. Let s(l) = x*n(l) + 4*t(l). Give s(7).
3
Let a(p) = 5*p + 27. Let g be (-143)/(-11) + 513/(-19). Calculate a(g).
-43
Let v(o) = -o**2 + 3*o - 32. Let w(n) = 3*n**2 - 5*n + 58. Let q(z) = 5*v(z) + 2*w(z). Calculate q(-9).
-8
Let l(n) = 7*n**2 + n - 202. Let c(f) = -4*f**2 + 121. Let w(v) = 5*c(v) + 3*l(v). Give w(0).
-1
Let l(a) = 10*a + 17. Let v(n) = 15*n - 6. Let h(p) = p. 